321.
14
Calculate the remainder when 2906142 is divided by 89.
25
Calculate the remainder when 47527 is divided by 23275.
977
Calculate the remainder when 724519 is divided by 261.
244
Calculate the remainder when 9828104 is divided by 1212.
1208
What is the remainder when 47688 is divided by 141?
30
Calculate the remainder when 2022637 is divided by 791.
50
Calculate the remainder when 9131739 is divided by 1826327.
104
Calculate the remainder when 61278 is divided by 11949.
1533
Calculate the remainder when 18155102 is divided by 10617.
32
Calculate the remainder when 923765 is divided by 307905.
50
What is the remainder when 679284 is divided by 3116?
3112
What is the remainder when 22981131 is divided by 467?
61
Calculate the remainder when 131997517 is divided by 7333194.
25
Calculate the remainder when 22135323 is divided by 59.
57
What is the remainder when 449053 is divided by 37?
21
Calculate the remainder when 146864249 is divided by 1950.
1949
What is the remainder when 246420 is divided by 275?
20
Calculate the remainder when 152764 is divided by 27.
25
What is the remainder when 8890978 is divided by 94?
82
Calculate the remainder when 1786183 is divided by 1006.
533
Calculate the remainder when 8291584 is divided by 124.
76
What is the remainder when 3155321 is divided by 6298?
23
What is the remainder when 1612618 is divided by 118?
30
Calculate the remainder when 6017353 is divided by 15.
13
What is the remainder when 481031 is divided by 237?
158
What is the remainder when 159572 is divided by 31858?
282
Calculate the remainder when 1186054 is divided by 456.
454
Calculate the remainder when 113474181 is divided by 80.
21
Calculate the remainder when 19789606 is divided by 2781.
10
Calculate the remainder when 149372 is divided by 74570.
232
What is the remainder when 492358 is divided by 75?
58
What is the remainder when 3269781 is divided by 2408?
2125
What is the remainder when 12361 is divided by 12326?
35
What is the remainder when 1338283 is divided by 53?
33
Calculate the remainder when 289738060 is divided by 3021.
3013
What is the remainder when 9150569 is divided by 270?
269
What is the remainder when 92100 is divided by 15274?
456
What is the remainder when 123909892 is divided by 534?
532
Calculate the remainder when 811623 is divided by 335.
253
What is the remainder when 302053 is divided by 579?
394
Calculate the remainder when 895212 is divided by 3552.
108
Calculate the remainder when 5071 is divided by 137.
2
Calculate the remainder when 677629 is divided by 151.
92
Calculate the remainder when 271177 is divided by 8474.
9
What is the remainder when 108057178 is divided by 10?
8
What is the remainder when 99930815 is divided by 269?
5
What is the remainder when 5452958 is divided by 2482?
4
Calculate the remainder when 185044 is divided by 2500.
44
What is the remainder when 3778796 is divided by 670?
666
What is the remainder when 22517 is divided by 129?
71
Calculate the remainder when 1121375 is divided by 72.
47
What is the remainder when 18230026 is divided by 1402307?
35
What is the remainder when 4696501 is divided by 226?
221
What is the remainder when 78163 is divided by 4552?
779
Calculate the remainder when 148488 is divided by 9892.
108
Calculate the remainder when 32918628 is divided by 170.
168
Calculate the remainder when 109269838 is divided by 54634909.
20
What is the remainder when 694941 is divided by 694938?
3
Calculate the remainder when 3800638 is divided by 6081.
13
Calculate the remainder when 1888084 is divided by 7933.
30
Calculate the remainder when 453110119 is divided by 141.
133
What is the remainder when 216904 is divided by 30955?
219
Calculate the remainder when 93078580 is divided by 743.
741
Calculate the remainder when 3666729 is divided by 824.
753
What is the remainder when 171317 is divided by 21190?
1797
Calculate the remainder when 105340 is divided by 4160.
1340
What is the remainder when 65650 is divided by 15453?
3838
What is the remainder when 3314884 is divided by 757?
738
Calculate the remainder when 8886 is divided by 1223.
325
Calculate the remainder when 197520 is divided by 871.
674
What is the remainder when 12935698 is divided by 446054?
132
Calculate the remainder when 27391496 is divided by 12.
8
Calculate the remainder when 10527484 is divided by 5263610.
264
What is the remainder when 848595 is divided by 4849?
20
What is the remainder when 820926 is divided by 8387?
7387
What is the remainder when 5426060 is divided by 852?
524
Calculate the remainder when 12516798 is divided by 2226.
0
Calculate the remainder when 835109 is divided by 362.
337
Calculate the remainder when 94517815 is divided by 23.
5
What is the remainder when 161017 is divided by 782?
707
What is the remainder when 42378041 is divided by 3111?
3110
What is the remainder when 367647 is divided by 7400?
5047
Calculate the remainder when 22662 is divided by 11192.
278
What is the remainder when 346217 is divided by 1454?
165
What is the remainder when 544488 is divided by 18923?
14644
What is the remainder when 9591648 is divided by 5632?
352
Calculate the remainder when 96329 is divided by 32034.
227
What is the remainder when 118486 is divided by 1281?
634
Calculate the remainder when 2651 is divided by 1567.
1084
Calculate the remainder when 132511 is divided by 14683.
364
What is the remainder when 2692213 is divided by 192299?
27
Calculate the remainder when 41590 is divided by 230.
190
Calculate the remainder when 71025 is divided by 628.
61
Calculate the remainder when 160615185 is divided by 5442.
5439
Calculate the remainder when 110704 is divided by 55074.
556
Calculate the remainder when 162274 is divided by 1264.
482
What is the remainder when 67741156 is divided by 58?
56
What is the remainder when 315375 is divided by 157018?
1339
What is the remainder when 11033996 is divided by 2452?
2448
What is the remainder when 187923024 is divided by 432?
0
Calculate the remainder when 159357 is divided by 983.
111
What is the remainder when 74139 is divided by 620?
359
What is the remainder when 150543 is divided by 73638?
3267
Calculate the remainder when 364209 is divided by 40457.
96
Calculate the remainder when 53071 is divided by 7017.
3952
What is the remainder when 43253831 is divided by 21626897?
37
What is the remainder when 32626 is divided by 16181?
264
Calculate the remainder when 45186 is divided by 2.
0
What is the remainder when 5784412 is divided by 199458?
130
Calculate the remainder when 11857322 is divided by 1288.
1282
Calculate the remainder when 59306756 is divided by 11.
3
Calculate the remainder when 2523954 is divided by 1396.
1382
Calculate the remainder when 290815 is divided by 345.
325
What is the remainder when 573659 is divided by 20467?
583
Calculate the remainder when 7475010 is divided by 787.
84
What is the remainder when 299551 is divided by 881?
11
What is the remainder when 13236678 is divided by 5261?
2
Calculate the remainder when 93561 is divided by 18711.
6
Calculate the remainder when 865621 is divided by 34620.
121
What is the remainder when 23775995 is divided by 566095?
5
What is the remainder when 176568 is divided by 7131?
5424
What is the remainder when 309128856 is divided by 748496?
8
Calculate the remainder when 131652 is divided by 32634.
1116
Calculate the remainder when 76127 is divided by 8444.
131
Calculate the remainder when 27179263 is divided by 116.
115
Calculate the remainder when 203822224 is divided by 6147.
6145
Calculate the remainder when 3684091 is divided by 176.
59
Calculate the remainder when 1982350 is divided by 1292.
422
Calculate the remainder when 350228666 is divided by 10844.
10842
Calculate the remainder when 63434 is divided by 421.
284
What is the remainder when 93779000 is divided by 46889496?
8
Calculate the remainder when 6097475 is divided by 2032448.
131
What is the remainder when 16069667 is divided by 33?
20
Calculate the remainder when 4623345 is divided by 5352.
4569
Calculate the remainder when 1526558 is divided by 1837.
11
Calculate the remainder when 172007 is divided by 85694.
619
Calculate the remainder when 10148978 is divided by 2078.
26
Calculate the remainder when 4699720 is div